[INFO] cloning repository https://github.com/koompi/locales
[INFO] running `Command { std: "git" "-c" "credential.helper=" "-c" "credential.helper=/workspace/cargo-home/bin/git-credential-null" "clone" "--bare" "https://github.com/koompi/locales" "/workspace/cache/git-repos/https%3A%2F%2Fgithub.com%2Fkoompi%2Flocales", kill_on_drop: false }`
[INFO] [stderr] Cloning into bare repository '/workspace/cache/git-repos/https%3A%2F%2Fgithub.com%2Fkoompi%2Flocales'...
[INFO] running `Command { std: "git" "rev-parse" "HEAD", kill_on_drop: false }`
[INFO] [stdout] 39e725ae9b8f18f7531a6914914a4328ad746d65
[INFO] building koompi/locales against master#ff34b919075f35a1787659e9c448a34b06bab8de for issue-85264
[INFO] running `Command { std: "git" "clone" "/workspace/cache/git-repos/https%3A%2F%2Fgithub.com%2Fkoompi%2Flocales" "/workspace/builds/worker-6/source", kill_on_drop: false }`
[INFO] [stderr] Cloning into '/workspace/builds/worker-6/source'...
[INFO] [stderr] done.
[INFO] validating manifest of git repo https://github.com/koompi/locales on toolchain ff34b919075f35a1787659e9c448a34b06bab8de
[INFO] running `Command { std: "/workspace/cargo-home/bin/cargo" "+ff34b919075f35a1787659e9c448a34b06bab8de" "metadata" "--manifest-path" "Cargo.toml" "--no-deps", kill_on_drop: false }`
[INFO] started tweaking git repo https://github.com/koompi/locales
[INFO] finished tweaking git repo https://github.com/koompi/locales
[INFO] tweaked toml for git repo https://github.com/koompi/locales written to /workspace/builds/worker-6/source/Cargo.toml
[INFO] crate git repo https://github.com/koompi/locales already has a lockfile, it will not be regenerated
[INFO] running `Command { std: "/workspace/cargo-home/bin/cargo" "+ff34b919075f35a1787659e9c448a34b06bab8de" "fetch" "--manifest-path" "Cargo.toml", kill_on_drop: false }`
[INFO] running `Command { std: "docker" "create" "-v" "/var/lib/crater-agent-workspace/builds/worker-6/target:/opt/rustwide/target:rw,Z" "-v" "/var/lib/crater-agent-workspace/builds/worker-6/source:/opt/rustwide/workdir:ro,Z" "-v" "/var/lib/crater-agent-workspace/cargo-home:/opt/rustwide/cargo-home:ro,Z" "-v" "/var/lib/crater-agent-workspace/rustup-home:/opt/rustwide/rustup-home:ro,Z" "-e" "SOURCE_DIR=/opt/rustwide/workdir" "-e" "CARGO_TARGET_DIR=/opt/rustwide/target" "-e" "CARGO_HOME=/opt/rustwide/cargo-home" "-e" "RUSTUP_HOME=/opt/rustwide/rustup-home" "-w" "/opt/rustwide/workdir" "-m" "1610612736" "--user" "0:0" "--network" "none" "ghcr.io/rust-lang/crates-build-env/linux@sha256:20528e8c29e4536546f0102ce88568b16ea7538393a33fcca951030f7af10457" "/opt/rustwide/cargo-home/bin/cargo" "+ff34b919075f35a1787659e9c448a34b06bab8de" "metadata" "--no-deps" "--format-version=1", kill_on_drop: false }`
[INFO] [stdout] ed054f07fde1ce801673f9ae8285f3c414516ad1251cd7070457336af3b08b9e
[INFO] [stderr] WARNING: Your kernel does not support swap limit capabilities or the cgroup is not mounted. Memory limited without swap.
[INFO] running `Command { std: "docker" "start" "-a" "ed054f07fde1ce801673f9ae8285f3c414516ad1251cd7070457336af3b08b9e", kill_on_drop: false }`
[INFO] running `Command { std: "docker" "inspect" "ed054f07fde1ce801673f9ae8285f3c414516ad1251cd7070457336af3b08b9e", kill_on_drop: false }`
[INFO] running `Command { std: "docker" "rm" "-f" "ed054f07fde1ce801673f9ae8285f3c414516ad1251cd7070457336af3b08b9e", kill_on_drop: false }`
[INFO] [stdout] ed054f07fde1ce801673f9ae8285f3c414516ad1251cd7070457336af3b08b9e
[INFO] running `Command { std: "docker" "create" "-v" "/var/lib/crater-agent-workspace/builds/worker-6/target:/opt/rustwide/target:rw,Z" "-v" "/var/lib/crater-agent-workspace/builds/worker-6/source:/opt/rustwide/workdir:ro,Z" "-v" "/var/lib/crater-agent-workspace/cargo-home:/opt/rustwide/cargo-home:ro,Z" "-v" "/var/lib/crater-agent-workspace/rustup-home:/opt/rustwide/rustup-home:ro,Z" "-e" "SOURCE_DIR=/opt/rustwide/workdir" "-e" "CARGO_TARGET_DIR=/opt/rustwide/target" "-e" "CARGO_INCREMENTAL=0" "-e" "RUST_BACKTRACE=full" "-e" "RUSTFLAGS=--cap-lints=forbid" "-e" "CARGO_HOME=/opt/rustwide/cargo-home" "-e" "RUSTUP_HOME=/opt/rustwide/rustup-home" "-w" "/opt/rustwide/workdir" "-m" "1610612736" "--user" "0:0" "--network" "none" "ghcr.io/rust-lang/crates-build-env/linux@sha256:20528e8c29e4536546f0102ce88568b16ea7538393a33fcca951030f7af10457" "/opt/rustwide/cargo-home/bin/cargo" "+ff34b919075f35a1787659e9c448a34b06bab8de" "build" "--frozen" "--message-format=json", kill_on_drop: false }`
[INFO] [stdout] 984e7072bbe3b7f255964f1b56f5a80c31879b65a96a465605e3b821b3372cde
[INFO] [stderr] WARNING: Your kernel does not support swap limit capabilities or the cgroup is not mounted. Memory limited without swap.
[INFO] running `Command { std: "docker" "start" "-a" "984e7072bbe3b7f255964f1b56f5a80c31879b65a96a465605e3b821b3372cde", kill_on_drop: false }`
[INFO] [stderr]    Compiling unicode-xid v0.2.1
[INFO] [stderr]    Compiling syn v1.0.60
[INFO] [stderr]    Compiling version_check v0.9.2
[INFO] [stderr]    Compiling serde_derive v1.0.123
[INFO] [stderr]    Compiling libc v0.2.83
[INFO] [stderr]    Compiling ryu v1.0.5
[INFO] [stderr]    Compiling serde v1.0.123
[INFO] [stderr]    Compiling autocfg v1.0.1
[INFO] [stderr]    Compiling bitflags v1.2.1
[INFO] [stderr]    Compiling unicode-segmentation v1.7.1
[INFO] [stderr]    Compiling hashbrown v0.9.1
[INFO] [stderr]    Compiling termcolor v1.1.2
[INFO] [stderr]    Compiling lazy_static v1.4.0
[INFO] [stderr]    Compiling os_str_bytes v2.4.0
[INFO] [stderr]    Compiling strsim v0.10.0
[INFO] [stderr]    Compiling vec_map v0.8.2
[INFO] [stderr]    Compiling log v0.4.14
[INFO] [stderr]    Compiling textwrap v0.12.1
[INFO] [stderr]    Compiling proc-macro2 v1.0.24
[INFO] [stderr]    Compiling proc-macro-error-attr v1.0.4
[INFO] [stderr]    Compiling proc-macro-error v1.0.4
[INFO] [stderr]    Compiling heck v0.3.2
[INFO] [stderr]    Compiling indexmap v1.6.1
[INFO] [stderr]    Compiling quote v1.0.8
[INFO] [stderr]    Compiling sudo v0.6.0
[INFO] [stderr]    Compiling atty v0.2.14
[INFO] [stderr]    Compiling clap_derive v3.0.0-beta.2
[INFO] [stderr]    Compiling clap v3.0.0-beta.2
[INFO] [stderr]    Compiling serde_json v1.0.61
[INFO] [stderr]    Compiling liblocale v0.1.0 (/opt/rustwide/workdir/liblocale)
[INFO] [stdout] warning: use of deprecated function `std::env::home_dir`: This function's behavior is unexpected and probably not what you want. Consider using a crate from crates.io instead.
[INFO] [stdout]    --> liblocale/src/lib.rs:133:36
[INFO] [stdout]     |
[INFO] [stdout] 133 |             Target::Local => match env::home_dir() {
[INFO] [stdout]     |                                    ^^^^^^^^^^^^^
[INFO] [stdout]     |
[INFO] [stdout]     = note: `#[warn(deprecated)]` on by default
[INFO] [stdout] 
[INFO] [stdout] 
[INFO] [stdout] warning: unused variable: `s`
[INFO] [stdout]    --> liblocale/src/lib.rs:164:17
[INFO] [stdout]     |
[INFO] [stdout] 164 |         let mut s = String::new();
[INFO] [stdout]     |                 ^ help: if this is intentional, prefix it with an underscore: `_s`
[INFO] [stdout]     |
[INFO] [stdout]     = note: `#[warn(unused_variables)]` on by default
[INFO] [stdout] 
[INFO] [stdout] 
[INFO] [stdout] warning: variable does not need to be mutable
[INFO] [stdout]    --> liblocale/src/lib.rs:136:25
[INFO] [stdout]     |
[INFO] [stdout] 136 |                     let mut p = Path::new(&home);
[INFO] [stdout]     |                         ----^
[INFO] [stdout]     |                         |
[INFO] [stdout]     |                         help: remove this `mut`
[INFO] [stdout]     |
[INFO] [stdout]     = note: `#[warn(unused_mut)]` on by default
[INFO] [stdout] 
[INFO] [stdout] 
[INFO] [stdout] warning: variable does not need to be mutable
[INFO] [stdout]    --> liblocale/src/lib.rs:164:13
[INFO] [stdout]     |
[INFO] [stdout] 164 |         let mut s = String::new();
[INFO] [stdout]     |             ----^
[INFO] [stdout]     |             |
[INFO] [stdout]     |             help: remove this `mut`
[INFO] [stdout] 
[INFO] [stdout] 
[INFO] [stderr]    Compiling locale-generator v0.1.0 (/opt/rustwide/workdir/locale-generator)
[INFO] [stdout] error[E0433]: failed to resolve: use of undeclared type `LocaleGen`
[INFO] [stdout]   --> locale-generator/src/main.rs:23:30
[INFO] [stdout]    |
[INFO] [stdout] 23 |     let mut lcs: LocaleGen = LocaleGen::new();
[INFO] [stdout]    |                              ^^^^^^^^^ use of undeclared type `LocaleGen`
[INFO] [stdout] 
[INFO] [stdout] 
[INFO] [stdout] error[E0433]: failed to resolve: use of undeclared type `LocaleData`
[INFO] [stdout]   --> locale-generator/src/main.rs:46:38
[INFO] [stdout]    |
[INFO] [stdout] 46 |         let mut locale: LocaleData = LocaleData::default();
[INFO] [stdout]    |                                      ^^^^^^^^^^ use of undeclared type `LocaleData`
[INFO] [stdout] 
[INFO] [stdout] 
[INFO] [stdout] error[E0412]: cannot find type `LocaleGen` in this scope
[INFO] [stdout]  --> locale-generator/src/main.rs:8:6
[INFO] [stdout]   |
[INFO] [stdout] 8 | impl LocaleGen {
[INFO] [stdout]   |      ^^^^^^^^^ not found in this scope
[INFO] [stdout] 
[INFO] [stdout] 
[INFO] [stdout] error[E0412]: cannot find type `LocaleData` in this scope
[INFO] [stdout]   --> locale-generator/src/main.rs:13:50
[INFO] [stdout]    |
[INFO] [stdout] 13 |     pub fn insert(&mut self, name: String, data: LocaleData) -> Self {
[INFO] [stdout]    |                                                  ^^^^^^^^^^ not found in this scope
[INFO] [stdout] 
[INFO] [stdout] 
[INFO] [stdout] error[E0412]: cannot find type `LocaleGen` in this scope
[INFO] [stdout]   --> locale-generator/src/main.rs:23:18
[INFO] [stdout]    |
[INFO] [stdout] 23 |     let mut lcs: LocaleGen = LocaleGen::new();
[INFO] [stdout]    |                  ^^^^^^^^^ not found in this scope
[INFO] [stdout] 
[INFO] [stdout] 
[INFO] [stdout] error[E0412]: cannot find type `LocaleData` in this scope
[INFO] [stdout]   --> locale-generator/src/main.rs:46:25
[INFO] [stdout]    |
[INFO] [stdout] 46 |         let mut locale: LocaleData = LocaleData::default();
[INFO] [stdout]    |                         ^^^^^^^^^^ not found in this scope
[INFO] [stdout] 
[INFO] [stdout] 
[INFO] [stdout] error[E0425]: cannot find function `conf_parser` in this scope
[INFO] [stdout]   --> locale-generator/src/main.rs:69:26
[INFO] [stdout]    |
[INFO] [stdout] 69 |                 let dt = conf_parser(v_data);
[INFO] [stdout]    |                          ^^^^^^^^^^^ not found in this scope
[INFO] [stdout] 
[INFO] [stdout] 
[INFO] [stdout] warning: unused imports: `Deserialize`, `Serialize`
[INFO] [stdout]  --> locale-generator/src/main.rs:1:13
[INFO] [stdout]   |
[INFO] [stdout] 1 | use serde::{Deserialize, Serialize};
[INFO] [stdout]   |             ^^^^^^^^^^^  ^^^^^^^^^
[INFO] [stdout]   |
[INFO] [stdout]   = note: `#[warn(unused_imports)]` on by default
[INFO] [stdout] 
[INFO] [stdout] 
[INFO] [stdout] warning: unused import: `std::collections::HashMap`
[INFO] [stdout]  --> locale-generator/src/main.rs:2:5
[INFO] [stdout]   |
[INFO] [stdout] 2 | use std::collections::HashMap;
[INFO] [stdout]   |     ^^^^^^^^^^^^^^^^^^^^^^^^^
[INFO] [stdout] 
[INFO] [stdout] 
[INFO] [stdout] error: aborting due to 7 previous errors; 2 warnings emitted
[INFO] [stdout] 
[INFO] [stdout] 
[INFO] [stdout] Some errors have detailed explanations: E0412, E0425, E0433.
[INFO] [stdout] 
[INFO] [stdout] For more information about an error, try `rustc --explain E0412`.
[INFO] [stdout] 
[INFO] [stderr] error: could not compile `locale-generator`
[INFO] [stderr] 
[INFO] [stderr] To learn more, run the command again with --verbose.
[INFO] [stderr] warning: build failed, waiting for other jobs to finish...
[INFO] [stdout] warning: 4 warnings emitted
[INFO] [stdout] 
[INFO] [stdout] 
[INFO] [stderr] error: build failed
[INFO] running `Command { std: "docker" "inspect" "984e7072bbe3b7f255964f1b56f5a80c31879b65a96a465605e3b821b3372cde", kill_on_drop: false }`
[INFO] running `Command { std: "docker" "rm" "-f" "984e7072bbe3b7f255964f1b56f5a80c31879b65a96a465605e3b821b3372cde", kill_on_drop: false }`
[INFO] [stdout] 984e7072bbe3b7f255964f1b56f5a80c31879b65a96a465605e3b821b3372cde
